5).
2, 7
Suppose 23 + 41 = 4*s. Let m = s - 11. What are the prime factors of m?
5
Suppose 106 = z + v, -4*v - 12 + 4 = 0. Suppose -28 = 4*l - z. List the prime factors of l.
2, 5
Let j(z) = -z - 3. Let v be j(-3). Let s(w) = w**2 - w + 3. Let g be s(v). Suppose -c = -3*c, g*r - 9 = 2*c. List the prime factors of r.
3
Let c(v) = 19*v + 25. What are the prime factors of c(9)?
2, 7
Let a = -15 - -19. List the prime factors of a.
2
Suppose 4*u - 66 + 14 = 0. List the prime factors of u.
13
Suppose -g - 4*g = -4*b, -5*b - 4*g = 0. Let i = b + 1. Suppose 2*y + i - 9 = 0. What are the prime factors of y?
2
Suppose 2*p = -p + 15. List the prime factors of (p + -3)*10/4.
5
Let a = 19 + 29. What are the prime factors of a?
2, 3
Suppose 2*u = -3*n + u + 14, n - u + 2 = 0. Suppose i + n - 9 = 0. List the prime factors of i.
2, 3
Let f = 29 + 15. What are the prime factors of f?
2, 11
Let a(h) = -1. Let l(j) = j**2 - 3*j + 7. Let t(d) = -5*a(d) - l(d). Let x be t(-3). Let s = -14 - x. List the prime factors of s.
2, 3
Let r(h) = -h**2 + 8*h - 2. Suppose 2*b = g - 5*g + 20, 5*b - 32 = -g. Let x be r(b). Suppose 0 = 2*w - w - x. What are the prime factors of w?
2, 5
Let g(h) = 3*h**2 + h. Let x = -4 - -3. Let s be g(x). What are the prime factors of (-2)/s + (8 - 1)?
2, 3
Let y = 1 - -18. List the prime factors of y.
19
Suppose 5*q - 12 = -5*z + 4*z, 0 = 5*q. What are the prime factors of z?
2, 3
Let w be ((-583)/(-11))/(1/3). Suppose 5*o - w - 56 = 0. What are the prime factors of o?
43
Let n = 468 - 308. What are the prime factors of n?
2, 5
What are the prime factors of 2712/20 - (-1 + 9/15)?
2, 17
Suppose 3*r - 3 = 12. Suppose r*o - 75 = -5. What are the prime factors of o?
2, 7
Suppose -11 = -5*h - 2*a, 3*a - 2 = 5*h + 2. Suppose h = -3*w + 13. List the prime factors of w.
2
Let j(d) = 3 + 3*d - d + 2. Suppose 0 = -4*f + 12 + 4. List the prime factors of j(f).
13
Let y(l) = 75 - 76 + 14*l + 11*l. What are the prime factors of y(1)?
2, 3
Let d(v) be the second derivative of -v**5/20 + v**4/2 + v**3/6 + 3*v**2 + v. What are the prime factors of d(6)?
2, 3
Suppose -5*d + 9 = -2*d. Suppose d*o = 8*o - 130. What are the prime factors of o?
2, 13
Let j(f) be the first derivative of f**2 - 3*f + 2. What are the prime factors of j(4)?
5
Let s(o) = o - 2. Let n be s(3). Let a be 1/(n/(-2)) - -7. Suppose -5*z - c - 5 = 4*c, a = 3*z + c. List the prime factors of z.
3
Let l(d) = -29*d - 115. What are the prime factors of l(-16)?
349
What are the prime factors of 1 + 21/27 + 4/18?
2
Suppose -3*w - 4*a + 361 = -3*a, 0 = 4*a + 20. What are the prime factors of w?
2, 61
Let c = -88 + 125. Let z = c + -19. What are the prime factors of z?
2, 3
Let h(d) = -145*d + 9. What are the prime factors of h(-1)?
2, 7, 11
Let d(s) = s**2 + 4*s - 3. Let r be d(-5). What are the prime factors of (r - -1) + 22/2?
2, 7
Suppose -3*v + 4*b + 23 = 0, -3*v + v + 4*b = -22. Suppose 2*n - 3 = v. What are the prime factors of n?
2
Suppose -103 = -4*u + 89. Let a = 67 - u. List the prime factors of a.
19
Suppose -29 = -2*y - 3*d, 4*y = 3*d - 4*d + 33. What are the prime factors of y?
7
Let i(t) = t**2 + 5*t + 4. Let w be i(-4). Let c be 6/(-10)*(-5 + w). Suppose c*m = 5*y - 45, 2*y + 5*m + 43 = 5*y. List the prime factors of y.
2, 3
Let h(r) = r**3 + r**2 - 6. Let w be h(0). Let t be w/(-4) + (-5)/(-2). Suppose -t*u + 0*m = m - 37, 3*u = 2*m + 14. List the prime factors of u.
2
Let b = 1 + -2. Let l be (-2)/b*1 - 5. Let x = 7 - l. What are the prime factors of x?
2, 5
Suppose 4*x + 2 = 5*x. What are the prime factors of 2/(x/8 + 0)?
2
List the prime factors of (10/3)/((-28)/(-630)).
3, 5
Let v = 179 - 102. What are the prime factors of v?
7, 11
Suppose -a = -2 - 2. Let c(p) = 5*p**2 - 10 + p - a*p**2 - 5*p. List the prime factors of c(7).
11
Suppose 0*x - 3*t = -x + 29, 0 = -4*x + 5*t + 123. What are the prime factors of x?
2
Let g(l) = -l**3 + 15*l**2 - 26*l - 9. List the prime factors of g(11).
3, 7
Let m(i) = 3*i**2 - i - 5. List the prime factors of m(-5).
3, 5
Suppose 0 = -m + 3*m - 64. Suppose 0*p = 2*p - m. What are the prime factors of p?
2
Let g = -11 - -6. Let j(a) = a**3 + 4*a**2 - 8*a - 4. List the prime factors of j(g).
11
List the prime factors of -4*60/(-11 + 5).
2, 5
Suppose 14 = -2*q - 2*z, 4 = -2*q - z - 13. Let w = q + 22. Suppose -w - 6 = -3*r. List the prime factors of r.
2, 3
Let s = -129 + 225. What are the prime factors of s?
2, 3
List the prime factors of (-155526)/(-460) - 2/20.
2, 13
Let g = -19 + 27. Suppose 0 = -0*r - 2*r + g. Suppose -4*p - 5*c + 58 = 0, 5*p - r*c = 4*p + 4. List the prime factors of p.
2, 3
Let a(k) = k**2 - 6*k - 7. List the prime factors of a(13).
2, 3, 7
Let n be 3*(-15)/(-6)*2. Suppose -n = 8*t - 11*t. List the prime factors of t.
5
Suppose -5*s = 5*d - 545, s - 61 = 3*d + 36. What are the prime factors of s?
2, 53
Suppose y - 3*y = 2*z + 68, 2*y - 2 = 0. What are the prime factors of (-82)/5*z/14?
41
Suppose 4*t - v = -19, 26 = -5*t + 2*v - 0*v. Let g be (-1 - t) + (0 - 0). Suppose -z + g = -11. What are the prime factors of z?
2, 7
Let y be (-1 + 2)*(-1 - -1). Suppose -2*s = -y*s - 16. Suppose o - 28 = -s. What are the prime factors of o?
2, 5
Suppose 4*c + 2*z + z = 511, 3*c - 5*z - 347 = 0. Suppose -86 = -5*i + c. List the prime factors of i.
2, 3, 7
Suppose -b - 17 = -4*m, -b - 5 = m - 2*m. What are the prime factors of (-5)/(10/4) + m?
2
Let u = 67 - 38. List the prime factors of u.
29
Suppose -5*p + 35 = 4*z, 7*p + 4*z = 3*p + 28. Let x(u) = -u + 9. Let v be x(p). Suppose -v*f + f + 4 = 0. What are the prime factors of f?
2
Let b(f) = -8*f + 7. What are the prime factors of b(-3)?
31
Suppose 0 = -5*m + 5*h + 365, 4*m - 304 = -4*h + 2*h. What are the prime factors of m?
3, 5
Let f be 22/(-4) + (-3)/(-2). List the prime factors of f/(5/(90/(-4))).
2, 3
Let d = 26 + -39. Let x = 9 - d. List the prime factors of x.
2, 11
Let y(l) be the first derivative of l**4/4 + 11*l**3/3 - l**2/2 - 3*l - 2. Let m be 22/(-2) + 0/(-3). What are the prime factors of y(m)?
2
Suppose -b = 2*b + 18. List the prime factors of b/(-3) + 11/1.
13
Let u(v) = -v**3 - 9*v**2 + 9*v - 10. Let h be u(-10). Suppose -5*i + 48 = -q + 3*q, h = 3*i + 5*q - 44. What are the prime factors of i?
2
Let l(n) = 6*n**2 + 2*n + 1. What are the prime factors of l(5)?
7, 23
Suppose -51 - 23 = -q. Let x = q + -33. What are the prime factors of x?
41
Let i(r) = -r**2 - 10*r + 16. Let n be i(-11). Suppose -n*d - 15 = -105. List the prime factors of d.
2, 3
Let y be 0 - -2 - 2*1. Let j be (0 - -9)*40/12. Suppose 3*v + 3 - j = y. List the prime factors of v.
3
Let a = 9 - 20. Let d(y) = -y**2 - 10*y + 12. Let b be d(a). What are the prime factors of (4/(-5))/(b/(-5))?
2
Suppose m = -0*m + 4. Suppose 12 = 2*n + n. Suppose -2*f = -m*j - 32, -n*f - j = 5 - 24. List the prime factors of f.
2, 3
Let i = -1 - -15. Suppose 0 = 3*t - i - 28. Let f = -2 + t. List the prime factors of f.
2, 3
List the prime factors of (3 - (0 - (0 + -74)))/(-1).
71
Let m = 152 + -76. Suppose 4*g + 3*i + i + m = 0, 0 = 3*g - 5*i + 33. Let z = g - -27. What are the prime factors of z?
11
Suppose 0 = 3*w - 6 - 12. Let j = 1 + -4. List the prime factors of (-4)/w + (-11)/j.
3
Suppose 0*q = -5*q. Suppose q = -m - 7 + 16. List the prime factors of m.
3
Suppose 10*l = -2*l + 108. What are the prime factors of l?
3
Let b be 5/(-20) - (-15)/(-4). What are the prime factors of (0 - 0/b) + 17?
17
Suppose -2*h - 75 = -5*h. What are the prime factors of h?
5
Let n be 4/16*-2*-120. Suppose 4*w - 232 + n = 0. What are the prime factors of w?
43
Let p(n) = -n - 4. Let c be p(0). List the prime factors of (42/c)/((-12)/16).
2, 7
Let h(i) = -i**2 + 10*i. Let r be h(10). Suppose r = 4*w - 7*w + 90. What are the prime factors of w?
2, 3, 5
Let o = -75 + 282. List the prime factors of o.
3, 23
Let k(w) = 2*w - 3*w + 3*w + 2. What are the prime factors of k(4)?
2, 5
Let k(b) = b**2 + 4*b + 2. Let g be k(-4). Let v(d) = -4*d + 1 + d**g + 3*d - 3. List the prime factors of v(-2).
2
Let v be (-1)/(30/27 + -1). Let x(l) = -l - 2. What are the prime factors of x(v)?
7
What are the prime factors of 108/24*64/6?
2, 3
Suppose -3*m + 3*f + 456 = 0, 3*m - 5*f = -m + 610. What are the prime factors of m?
2, 3, 5
Suppose 5*w = 4*q - 23, 7*